2 + 2912 is divided by 38?
29
Suppose -3287 = d - 3314. Let a = 876 + -621. What is the remainder when a is divided by d?
12
Suppose 3*p - 5*g = 3367, -3*p - 2*g = 2*p - 5622. Suppose 2*j = -v + j + 220, -3*j = -5*v + p. What is the remainder when v is divided by 16?
15
Suppose 0 = 10*q + 5003 + 1707. Let k = -609 - q. Calculate the remainder when 369 is divided by k.
59
What is the remainder when 112 is divided by (-795)/(-10)*(-1 - (-55)/33)?
6
Let m = 26 - 10. Let f be (-3825)/40 + (-30)/80. Calculate the remainder when m is divided by 5/((-45)/f) + 23/69.
5
Let d(z) = 184*z - 1155. Calculate the remainder when 657 is divided by d(7).
125
Let y be -1*(2/(-4)*-4 - -1). Let r be (y - -1) + (-1 - -29). Let g = r + 11. Calculate the remainder when g is divided by 5.
2
Let t(d) = 5*d**2 + 188*d + 745. Calculate the remainder when 2114 is divided by t(-4).
70
Suppose 3*x - 2*x = 113. Suppose 14673*p = 14678*p - 515. Let k = x - p. What is the remainder when 35 is divided by k?
5
Let z(y) = -y**3 + 8*y**2 + 3. Suppose 0 = 2*t - t - 5*s + 37, 4*t - 4*s + 84 = 0. Let m = t - -25. Calculate the remainder when z(m) is divided by 3.
0
Let s = 142 + -43. Suppose -3*a + 6*a - 178 = 4*o, 170 = 3*a - 2*o. What is the remainder when s is divided by a?
45
Calculate the remainder when 39 is divided by 14 - (-2 + -3 + 10)/(-1 + 0).
1
Suppose 4*a - 21 = -7*a + 155. Calculate the remainder when 633 is divided by a.
9
Let z(q) = -13*q**2 + q - 2. Let c(u) = 1. Let v(b) = 2*c(b) + z(b). Let y be v(-1). Calculate the remainder when (-32)/((-9)/5 - y/(-70)) is divided by 11.
5
Suppose -8*f = -7*f + 81. Let r = f - -106. What is the remainder when 36 is divided by r?
11
Suppose 4*y - o - 30 = 0, 49*o - 42*o - 6 = 4*y. What is the remainder when 1246 is divided by y?
4
Suppose 469 + 1560 = 90*a - 131. What is the remainder when 1182 is divided by a?
6
Let r be (-2)/(3/15*2). Calculate the remainder when 176 is divided by 27/(-135) - 301/r.
56
Let a be (-478)/(-8) + (-43)/(-172). Calculate the remainder when 0 + (-5)/a*-3*1388 is divided by 29.
28
Let o = -8966 + 12995. Calculate the remainder when o is divided by 96.
93
Suppose 0*u - 752 = -8*u. Suppose 12*b + u = 334. Calculate the remainder when b is divided by (14/(-5))/((-2)/5).
6
Let y be ((-27)/(-9) - 9)*-1. What is the remainder when ((-286)/y - -1)*(-6441)/452 is divided by 37?
36
Let w(d) = 31*d - 223. Let l be (-200)/(-250) + 36/5. Calculate the remainder when 69 is divided by w(l).
19
Suppose -267*f = -473*f + 7004. What is the remainder when 2139 is divided by f?
31
Let o = -9490 - -9792. Calculate the remainder when 629 is divided by o.
25
Let p = 415 + -407. Calculate the remainder when 124 is divided by 1216/88 + p/44.
12
Let c(t) = -t + 6. Let q be c(-5). Let m(f) = -3*f**3 + 32*f**2 + 14*f + 13. What is the remainder when m(q) is divided by 15?
1
Let d be (238/6 + -2)*-9. Let m = 1982 - 1943. What is the remainder when d/12*4/(-1) is divided by m?
35
Let s = 29246 + -29188. What is the remainder when 1213 is divided by s?
53
Suppose -6516 + 1591 = -92*a - 105*a. Let y be (-14)/(-7) + -1 + 3. Let f = y + 0. Calculate the remainder when a is divided by f.
1
Let j = -10337 - -12370. Calculate the remainder when j is divided by 336.
17
Let y = 28 + -13. Calculate the remainder when (-127)/(-4)*(342/19 + -10) is divided by y.
14
Suppose 0 = -12*w + 340 - 28. Calculate the remainder when (-2)/(-5 - (-253)/51) is divided by w.
25
Suppose 4*q + 13*i - 16*i = 185, 214 = 5*q + 2*i. Suppose -q = -5*d + 11. Calculate the remainder when 14 is divided by d.
3
Suppose 13*h = 65*h - 1389 - 483. What is the remainder when h is divided by (-13 - -1)/(2/(-6))?
0
Let j(f) = 13*f**2 + 2*f - 11. Let c be j(2). Calculate the remainder when (c/(-30))/(3/(-362)) is divided by 31.
26
Suppose 10*k - 49*k = 234. What is the remainder when k/45 + 0 + (-21170)/(-150) is divided by 36?
33
Let i = -171 - -950. Calculate the remainder when i is divided by 200/(-6)*((-2592)/90 - -27).
59
Let p = -631 - -420. Let z = -192 - p. Calculate the remainder when 122 is divided by z.
8
Let n be (-124)/(-12)*(54 - (-1 + -2)). Suppose 24*x - n = 35. Calculate the remainder when 177 is divided by x.
21
Suppose 0 = -5*r + 86 + 34. Let n(a) = 36*a**3 - 6*a + 11. Calculate the remainder when n(2) is divided by r.
23
Let m be 0/1*(-2 + 1). Suppose m = -5*s + 93 - 73. What is the remainder when 47 is divided by s?
3
Suppose 0 = -10*l + 11*l + 4*u - 504, -3*u = -3*l + 1527. Calculate the remainder when l is divided by 1/(485/(-1275) + 2/5).
49
Suppose 4*i = f - 3 - 8, 2*i + 13 = 3*f. Suppose 3*s = -3*v + 189, -2*s = 33*v - 30*v - 120. Calculate the remainder when s is divided by f.
0
Suppose 0*x - 277673 = 51*x - 879779. Calculate the remainder when x is divided by 24.
22
Let c = 2587 + -2430. Calculate the remainder when c is divided by 59.
39
Let h = 151 + -79. What is the remainder when 208 is divided by h?
64
Let h = 113 + -48. Calculate the remainder when h is divided by (-4557)/4123 + (-2)/(-19) + 25.
17
Let k(q) = 5*q + 9. Let n be -3 - -1*(-3 + 4) - -92. Suppose 4*m = 5*l + n, -4*m - 72 = -8*m - 4*l. Calculate the remainder when k(18) is divided by m.
19
Suppose -26*i - 953 = 217. Let n = i + 108. Calculate the remainder when n is divided by 35.
28
Suppose -9*x + 726 - 474 = 0. What is the remainder when 1229 is divided by x?
25
Suppose 5*t - 4*c - 477 = 0, -3*t + 78*c + 282 = 77*c. Calculate the remainder when 556 is divided by t.
91
Let z(o) = -49*o - 1783. Calculate the remainder when 5487 is divided by z(-37).
27
Suppose 0 = -5*x - 21 + 171. Suppose 177 = 5*f + n - 113, 2*n = 10. What is the remainder when f is divided by x?
27
Suppose -149*f + 157*f = 2256. Suppose -b + 3*b = 142. Calculate the remainder when f is divided by b.
69
Let b be 707*3/42 - 2/4. Suppose 2*g - 3 = -1. Let h = g + b. What is the remainder when h is divided by 13?
12
Let m(n) = -n**3 + 11*n**2 + 16*n + 4. Calculate the remainder when m(12) is divided by (-1)/(1/(-27)*3).
7
Suppose 21 = 24*j - 17*j. Suppose 2*s + 4*b - 98 = -s, 133 = 4*s + j*b. Suppose -z + 4 = -0*z. Calculate the remainder when s is divided by z.
2
Let n(c) = 79*c - 352. What is the remainder when 168 is divided by n(5)?
39
Suppose -3*a + 2163 = 2*y, 0*y + 4290 = 4*y - 6*a. What is the remainder when y is divided by 533?
11
Let m = -27 + 29. Suppose 2*o - m*z = -40 + 116, 0 = o + 2*z - 32. What is the remainder when o is divided by 32?
4
Suppose -s = -8*s + 196. Suppose 5*d - 165 - 241 = 4*c, 0 = -3*c + 3. What is the remainder when d is divided by s?
26
Suppose -785 = -6*a + a. Suppose -5*z + 114 = 2*f, -2343 + 2283 = -2*f + 4*z. What is the remainder when a is divided by f?
31
Suppose -3*q + 16 = -4*g - 6, 0 = 4*q - 3*g - 20. Let l(i) = -10*i - 70. Calculate the remainder when l(-9) is divided by 3 - (-1 + q)*0/(-5).
2
Let y = 40776 - 40145. What is the remainder when y is divided by 122?
21
Let o(a) = a**2 - 17*a + 30. Let m be o(22). Let q = 288 - m. What is the remainder when q is divided by -13*(-4)/2 - 1?
23
Let d(h) = 5*h**2 + 54*h - 22. What is the remainder when d(9) is divided by 10?
9
Let n(x) = -20*x - 724. Let r be 6/((-4)/(-2)) + -1. Suppose -r*g = -b - b + 54, 2*b = -5*g + 82. What is the remainder when b is divided by n(-37)?
15
Let z = -50 - -345. Suppose -42*f = -19*f - 759. What is the remainder when z is divided by f?
31
Suppose -5*d + 65 + 11 = -2*h, 4*h - 24 = -d. Calculate the remainder when (114/6 - -3) + (-2)/1 is divided by d/((2/(-2))/(3/(-6))).
4
Suppose -3*n = -5*l - 21330, n - l + 0*l = 7108. What is the remainder when n/55 + 4/(-22) is divided by 3*((-100)/(-10) - (6 + 0))?
9
Let q = 13 + 3. Let x = 29 - q. Let y(s) = -6802*s - 27172. What is the remainder when y(-4) is divided by x?
10
Calculate the remainder when (10458/(-294))/((4/(-7))/4) is divided by 23.
19
Let x = -118 + 131. What is the remainder when 1 + -1 - 3*(-25 + 0) is divided by x?
10
Let v be 26*(-6)/18 - 3/9. Calculate the remainder when 67 is divided by v/(-12) - (-532)/16.
33
Let z(j) = -2416*j**3 - 2*j**2 - 19*j - 18. Calculate the remainder when z(-1) is divided by 798.
21
Suppose d + 2*m = 60, 5*d + 5*m - 25 = 245. Calculate the remainder when 1063 is divided by d.
7
Let q = -52 + 76. Suppos